504?
4
What is the thousands digit of 11219?
1
What is the units digit of 16293?
3
What is the hundreds digit of 36366?
3
What is the thousands digit of 36767?
6
What is the hundreds digit of 2910?
9
What is the ten thousands digit of 17817?
1
What is the ten thousands digit of 12656?
1
What is the tens digit of 1622?
2
What is the tens digit of 870?
7
What is the hundreds digit of 1395?
3
What is the units digit of 8248?
8
What is the units digit of 50650?
0
What is the units digit of 76?
6
What is the tens digit of 1391?
9
What is the tens digit of 96678?
7
What is the tens digit of 1103?
0
What is the hundreds digit of 1004?
0
What is the tens digit of 39?
3
What is the units digit of 769?
9
What is the units digit of 62789?
9
What is the hundreds digit of 315?
3
What is the tens digit of 18343?
4
What is the units digit of 874?
4
What is the tens digit of 1428?
2
What is the thousands digit of 15105?
5
What is the units digit of 43681?
1
What is the thousands digit of 6487?
6
What is the hundreds digit of 375?
3
What is the hundreds digit of 1129?
1
What is the hundreds digit of 1422?
4
What is the units digit of 2027?
7
What is the units digit of 39204?
4
What is the units digit of 4326?
6
What is the ten thousands digit of 16973?
1
What is the thousands digit of 25921?
5
What is the thousands digit of 68350?
8
What is the thousands digit of 11703?
1
What is the hundreds digit of 9002?
0
What is the units digit of 12837?
7
What is the thousands digit of 3489?
3
What is the thousands digit of 13458?
3
What is the units digit of 526?
6
What is the hundreds digit of 730?
7
What is the hundreds digit of 4187?
1
What is the units digit of 25917?
7
What is the hundreds digit of 1406?
4
What is the units digit of 47217?
7
What is the thousands digit of 16297?
6
What is the thousands digit of 3151?
3
What is the units digit of 37490?
0
What is the hundreds digit of 5458?
4
What is the units digit of 13536?
6
What is the tens digit of 41?
4
What is the tens digit of 10?
1
What is the units digit of 455?
5
What is the tens digit of 2952?
5
What is the tens digit of 21007?
0
What is the tens digit of 2079?
7
What is the tens digit of 3190?
9
What is the units digit of 1114?
4
What is the tens digit of 505?
0
What is the hundreds digit of 369?
3
What is the tens digit of 1075?
7
What is the tens digit of 597?
9
What is the thousands digit of 1198?
1
What is the hundreds digit of 1563?
5
What is the tens digit of 6566?
6
What is the units digit of 16270?
0
What is the ten thousands digit of 13471?
1
What is the units digit of 1893?
3
What is the tens digit of 3018?
1
What is the tens digit of 49226?
2
What is the hundreds digit of 19890?
8
What is the tens digit of 1756?
5
What is the tens digit of 46315?
1
What is the hundreds digit of 1501?
5
What is the ten thousands digit of 12473?
1
What is the thousands digit of 21084?
1
What is the hundreds digit of 32025?
0
What is the thousands digit of 11748?
1
What is the tens digit of 50159?
5
What is the units digit of 20?
0
What is the thousands digit of 104593?
4
What is the tens digit of 27910?
1
What is the thousands digit of 72738?
2
What is the hundreds digit of 427?
4
What is the thousands digit of 4632?
4
What is the hundreds digit of 96000?
0
What is the tens digit of 9022?
2
What is the units digit of 622?
2
What is the thousands digit of 21124?
1
What is the units digit of 377?
7
What is the hundreds digit of 583?
5
What is the ten thousands digit of 171048?
7
What is the hundreds digit of 1162?
1
What is the hundreds digit of 3605?
6
What is the hundreds digit of 420?
4
What is the ten thousands digit of 41592?
4
What is the units digit of 1632?
2
What is the hundreds digit of 97186?
1
What is the thousands digit of 13011?
3
What is the thousands digit of 1116?
1
What is the units digit of 1575?
5
What is the tens digit of 1619?
1
What is the units digit of 9819?
9
What is the units digit of 63929?
9
What is the hundreds digit of 24025?
0
What is the ten thousands digit of 19120?
1
What is the units digit of 1753?
3
What is the units digit of 78969?
9
What is the tens digit of 8656?
5
What is the tens digit of 1994?
9
What is the tens digit of 43580?
8
What is the ten thousands digit of 11421?
1
What is the thousands digit of 15460?
5
What is the units digit of 874?
4
What is the ten thousands digit of 63932?
6
What is the tens digit of 3101?
0
What is the units digit of 8543?
3
What is the hundreds digit of 3534?
5
What is the tens digit of 3751?
5
What is the hundreds digit of 8929?
9
What is the units digit of 8229?
9
What is the hundreds digit of 765?
7
What is the tens digit of 2182?
8
What is the units digit of 22866?
6
What is the thousands digit of 13048?
3
What is the tens digit of 997?
9
What is the hundreds digit of 770?
7
What is the units digit of 3160?
0
What is the hundreds digit of 2108?
1
What is the thousands digit of 9213?
9
What is the tens digit of 13033?
3
What is the tens digit of 869?
6
What is the units digit of 395?
5
What is the thousands digit of 1989?
1
What is the hundreds digit of 1872?
8
What is the tens digit of 6573?
7
What is the tens digit of 405?
0
What is the hundreds digit of 24906?
9
What is the tens digit of 3698?
9
What is the hundreds digit of 15803?
8
What is the tens digit of 3598?
9
What is the ten thousands digit of 22802?
2
What is the hundreds digit of 11052?
0
What is the units digit of 3921?
1
What is the ten thousands digit of 26074?
2
What is the hundreds digit of 6014?
0
What is the units digit of 470?
0
What is the units digit of 1876?
6
What is the tens digit of 44976?
7
What is the ten thousands digit of 12861?
1
What is the thousands digit of 4733?
4
What is the thousands digit of 3319?
3
What is the units digit of 27096?
6
What is the units digit of 18745?
5
What is the tens digit of 1942?
4
What is the thousands digit of 4452?
4
What is the units digit of 1411?
1
What is the hundreds digit of 929?
9
What is the units digit of 1963?
3
What is the hundreds digit of 4942?
9
What is the tens digit of 13347?
4
What is the units digit of 216?
6
What is the thousands digit of 6093?
6
What is the ten thousands digit of 13893?
1
What is the tens digit of 9781?
8
What is the hundreds digit of 140698?
6
What is the units digit of 74111?
1
What is the units digit of 67557?
7
What is the hundreds digit of 3746?
7
What is the hundreds digit of 63780?
7
What is the ten thousands digit of 19027?
1
What is the tens digit of 5221?
2
What is the units digit of 5436?
6
What is the tens digit of 44374?
7
What is the thousands digit of 3701?
3
What is the tens digit of 10566?
6
What is the tens digit of 3611?
1
What is the tens digit of 30919?
1
What is the thousands digit of 2133?
2
What is the hundred thousands digit of 116259?
1
What is the thousands digit of 1515?
1
What is the units digit of 1085?
5
What is the ten thousands digit of 19432?
1
What is the thousands digit of 9747?
9
What is the tens digit of 32?
3
What is the hundreds digit of 540?
5
What is the hundreds digit of 14896?
8
What is the tens digit of 3142?
4
What is the tens digit of 98757?
5
What is the tens digit of 1684?
8
What is the thousands digit of 4352?
4
What is the thousands digit of 86183?
6
What is the ten thousands digit of 94170?
9
What is the thousands digit of 1463?
1
What is the ten thousands digit of 13868?
1
What is the tens digit of 39487?
8
What is the units digit of 8802?
2
What is the tens digit of 10248?
4
What is the tens digit of 8779?
7
What is the tens digit of 1451?
5
What is the hundreds digit of 12327?
3
What is the units digit of 3756?
6
What is the tens digit of 586?
8
What is the units digit of 19488?
8
What is the tens digit of 3188?
8
What is the hundreds digit of 915?
9
What is the ten thousands digit of 187682?
8
What is the hundred thousands digit of 111948?
1
What is the hundreds digit of 9923?
9
What is the ten thousands digit of 18573?
1
What is the tens digit of 19679?
7
What is the thousands digit of 1747?
1
What is the tens digit of 6579?
7
What is the hundreds digit of 1137?
1
What is the units digit of 2639?
9
What is the thousands digit of 2379?
2
What is the units digit of 19029?
9
What is the thousands digit of 54701?
4
What is the un